of q?
9
Suppose 5*q = -2*p + 166 - 4, -3*q + 92 = -4*p. Suppose r + 3*y + y - 24 = 0, 2*r + 4*y = q. What is the units digit of r?
8
Suppose -d = 4*d + 10. What is the units digit of d - ((-20)/4 + -2)?
5
Suppose u + 4*u - 280 = 0. Suppose -h - 2*h + 43 = -4*w, -u = -4*h + 5*w. What is the units digit of h?
9
Let w(o) = -8*o**3 - 6*o + 6. Let n(f) = 3*f**3 + 2*f - 2. Let v(l) = -11*n(l) - 4*w(l). What is the units digit of v(-3)?
9
Let m(j) = 2*j - 3. Let q be m(3). Let s be 1/q + (-4)/(-6). What is the units digit of (s/2)/((-5)/(-50))?
5
Suppose 0*y - 2*y + 126 = 0. What is the tens digit of y?
6
Let h(b) be the second derivative of b**4/12 - 5*b**3/3 - 8*b**2 - b. Let v be h(11). Let k(z) = -z**2 - 5*z + 7. What is the units digit of k(v)?
7
Suppose o + 6 = 3*g - 18, o = -4*g + 39. Suppose g*y = 4*y + 15. What is the units digit of -1*(2 - 1) + y?
2
Let u = -41 - -39. Let s(p) = -3 + 2*p + 2 - 3*p. What is the units digit of s(u)?
1
What is the units digit of (7/((-14)/292))/(-2)?
3
Let d be 165/(-10)*(-4)/6. Let z = d + -9. What is the units digit of (-110)/(-20) + (-3)/z?
4
Let i = 16 + -70. Let v be (i/(-4))/(9/(-12)). Let s = v - -32. What is the tens digit of s?
1
Let z be (-29)/(-9) - (-2)/(-9). Suppose -z*s - 5 = -2. Let h = s + 6. What is the units digit of h?
5
Let v = -74 - -354. What is the tens digit of v?
8
Let h = -44 - -88. What is the units digit of h?
4
Suppose 0 = -h + 1 + 1. Suppose 0*w + h*w = -8, 3*t = 2*w + 98. What is the tens digit of t?
3
Let q(i) = i**2 - 4. Let n be q(0). Let f(y) = y**2 + 4*y - 4. Let v be f(n). Let z = 5 + v. What is the units digit of z?
1
Let r be (-2)/(-7) - 192/(-14). Let v = r + -23. Let s = v + 16. What is the units digit of s?
7
What is the units digit of 144/28*(-42)/(-9)?
4
Let y be (-4)/(-6)*-6 - -14. Let i(a) = -a + 1. Let d be i(-3). Suppose 5*s = d*s + y. What is the units digit of s?
0
Let w be (-10)/15*87/2. Let p = w - -67. What is the tens digit of p?
3
Let i = -7 + 11. Suppose -2*s = p - 0*s - 8, -4*p = i*s - 40. What is the units digit of p?
2
Suppose 3*v + 13 = 5*c + 5*v, -4*c + 5*v = -17. Suppose 1 = -c*g + 40. What is the tens digit of g?
1
Let c(w) = w**3 - 9*w**2 + 8*w + 2. Suppose 2*g = g + y + 8, -5*y - 24 = -3*g. Let k be c(g). Suppose k*p - 16 = -2. What is the units digit of p?
7
Suppose 14*g - 1146 = 2270. What is the units digit of g?
4
Let w = -137 + 312. What is the units digit of w?
5
Let o = 22 - 11. What is the tens digit of o?
1
Suppose 5*o + r - 243 = 0, 5*o + 114 - 348 = 2*r. What is the units digit of o?
8
Let r(w) = -3*w - 3. Let n be r(-8). Let h = 29 - n. What is the units digit of h?
8
Let z = -6 - -8. Suppose -6*r - 16 = -z*r. Let i = 1 - r. What is the units digit of i?
5
Let s(p) = 73*p**2 + 6*p + 16. What is the hundreds digit of s(-2)?
2
Suppose 0 = 2*r - 6 - 0, 5*n - 4 = 2*r. Suppose -2*y + 5*s + 32 = 0, y - n*s - s = 18. Let b = y - 1. What is the units digit of b?
5
Suppose -4*y + 3 = g + 4, 0 = -3*y + g + 1. Let o = y - -5. What is the units digit of o?
5
Let v be 4/16*-2*0. Let p(r) = -r**2 + r + 30. What is the tens digit of p(v)?
3
Suppose 2*z = -2*z + 12. Let k = 7 + -7. Suppose -z*n - n + 40 = k. What is the tens digit of n?
1
Let u(y) = -24*y + 1. What is the tens digit of u(-3)?
7
Suppose 0 = 2*h - 5*o + 7 + 5, -5*h = 2*o - 28. Suppose 3 = h*q - 9. What is the units digit of q?
3
Let j(i) = -i**2 - 4*i + 2. What is the units digit of j(-4)?
2
Let v be (-26)/4 - (-3)/6. Let l = v - -12. Let h = -1 + l. What is the units digit of h?
5
Let y(x) = -x**3 + 4*x**2 + 7*x - 5. Let a = -7 - -11. Suppose u = a*t + 25, -u + 4*u = 2*t + 25. What is the units digit of y(u)?
5
Suppose 4 = -a - 3*q + 5, -2*a + 2*q - 6 = 0. Let m = -1 + a. What is the tens digit of (-3 - m) + 16 + -1?
1
Let b = 11 - 6. Let w = 6 + -2. Let m = b - w. What is the units digit of m?
1
Let c = 61 + -35. What is the tens digit of c?
2
Suppose 0 = -4*h + 3*h - 1. Let z = h - -1. Suppose 3*a - 1 - 8 = z. What is the units digit of a?
3
Let h = -4 - -7. Suppose -k + 31 = d, 4*k = 2*d + h*k - 62. What is the units digit of d?
1
Let c(q) = q**3 - 3*q**2 + q - 5. What is the units digit of c(5)?
0
What is the units digit of ((246*2)/2)/(2 - 1)?
6
Let w(v) = -11*v - 67. What is the tens digit of w(-20)?
5
Suppose 2*n = -2, 525 = 4*i - 4*n + 3*n. What is the tens digit of i?
3
Suppose -2*j = 3*b - 536, -2*b = -2*j + 4*j - 358. Suppose 4*n - 4*r - b = -22, 3*r = -15. Suppose 2*q - 10 = n. What is the tens digit of q?
2
Suppose -2*x = -x. Suppose 0 = 2*b - y - x - 7, -5*y = b + 2. Suppose -2*h = -0*p + b*p - 26, 34 = 5*p + h. What is the units digit of p?
6
Let s(d) be the first derivative of -d**4/4 - 10*d**3/3 + 9*d**2/2 - 3*d - 3. What is the tens digit of s(-11)?
1
Suppose 4*b = 13*b - 1215. What is the units digit of b?
5
Let w(p) = -2*p - 5. Let m be w(-5). Suppose s + n + 17 = 4*s, s - n - m = 0. What is the units digit of s?
6
Suppose 5*m = g + 67, -3*m - 2*g = 2*m - 61. What is the units digit of m?
3
Let q be (-9)/(-27)*29*3. Let c = 58 - q. What is the units digit of c?
9
Suppose -2 = 3*q - 11. Let w(v) = v**3 - v**2 + v + 2. What is the tens digit of w(q)?
2
Let n(c) = c**3 - 7*c**2 + 2*c - 10. Let o be n(8). What is the units digit of (o/(-6))/((-3)/9)?
5
Let i = -4 + 2. What is the units digit of i/(-2)*1*1?
1
Suppose -4*v - v + 170 = 0. What is the units digit of v?
4
Let f be 4/6 - (-52)/12. Let u be 2 - (1 + -2 + 6). Let z = u + f. What is the units digit of z?
2
Suppose -4*i + 2*x + 110 = 0, 3*i - 142 = -2*i + x. What is the units digit of i?
9
Let g(r) = 4*r**2 + 2*r - 2. Let h be g(-3). Let m = -20 + h. What is the units digit of m?
8
Suppose 0 = -2*k - 45 + 31. Let i(x) = -6*x**2 + 0*x - x**3 + 8*x - 7 - 4*x. What is the tens digit of i(k)?
1
Let y be (-13)/(-5) - 2/(-5). Suppose -y*i = -i + 12. What is the units digit of (2/i)/(2/(-102))?
7
Let y be (-9)/(-6) + (-1)/(-2). Let c = -5 + 29. Suppose 4*i - 1 = y*t - 15, 2*t = -i + c. What is the tens digit of t?
1
Let y(i) be the third derivative of -i**6/120 - 7*i**5/60 - 5*i**4/24 - 5*i**3/3 - 2*i**2. Let d be y(-7). Let h = d + -17. What is the units digit of h?
8
Let i(r) = 7*r**2 + 11*r - 2. Let u(t) be the second derivative of t**4/2 + 5*t**3/3 - t**2 - 2*t. Let h(o) = 5*i(o) - 6*u(o). What is the units digit of h(-5)?
2
Let x(a) = 2*a**2 - 2*a - 3. What is the units digit of x(-4)?
7
Suppose 0*d - 2*d = 8, -d + 72 = -4*q. Suppose 2*y = -2*m - 39 - 9, -93 = 4*m + 5*y. Let p = q - m. What is the units digit of p?
8
Let z(h) = -2*h**3 - h**2 + 2*h + 6*h**2 + h**3 + 3*h**2. What is the tens digit of z(8)?
1
Let v(l) = l**3 + l + 1. Let t(w) = -5*w**3 + 6*w**2 - 6*w - 3. Let s(f) = -t(f) - 6*v(f). Let p be s(-6). What is the tens digit of p + 2 - (-1 - 14)?
1
Suppose 3*s - 4*a = 350, 5*s - 2*a - 591 = -3*a. What is the tens digit of s?
1
Let k be -12 + (8/4)/2. What is the units digit of -5 + 0 + 3 - k?
9
Let z(q) = q**3 - 2*q**2 + 2*q - 2. Let n be z(2). Let w(d) = -d - n*d - d + 3*d + 3. What is the units digit of w(-5)?
8
Let d(l) = 10*l**3 - l**2 + l. Let s be d(1). Let q = s + -2. What is the tens digit of q + 4 + -1 + -1?
1
Suppose -48 = r - 2*r - y, -5*y = 3*r - 150. Suppose n + 75 = 5*l - 3*n, 0 = -3*l - 4*n + r. What is the tens digit of l?
1
Let w(o) = -o + 12. Let m be w(16). Let s = 5 + m. What is the units digit of s?
1
Let m(k) = 3*k - 10. What is the units digit of m(7)?
1
Let h = 11 + -6. Suppose -h*m + 4*k = -14, -3*m + 10 = -2*k + 2. Suppose -v + 2*u - 4 - 2 = 0, m*v = -5*u + 24. What is the units digit of v?
2
Let b be 202 + (-2)/2*-4. Suppose -210 = -3*r - 2*r + 5*k, -3*k = -5*r + b. What is the tens digit of r?
4
Let o(x) = 3*x**2 - 4*x + 5. Let q be o(5). Suppose 4*a + q = 7*a. What is the tens digit of a?
2
Let t = 17 - 10. Suppose -4*c = 1 + t. What is the units digit of (c/3)/((-10)/255)?
7
Suppose 104*w - 141 = 103*w. What is the tens digit of w?
4
Let z = -3 - -7. Let j be (8/(-6))/(z/(-6)). What is the units digit of (3 - 12)/((-2)/j)?
9
Let t(p) = 2*p**3 - 8*p**2 + 7*p + 7. What is the tens digit of t(5)?
9
Let z = 272 + -169. What is the tens digit of z?
0
Suppose 4*f = 2*f + 312. What is the hundreds digit of f?
1
Suppose 5*r - 72 = 2*r. What is the units digit of r?
4
Let p(b) b